 8, what is -3 - -53752230?
53752225
In base 11, what is -a9 + -6036?
-6134
In base 15, what is -58040 - -12?
-5802d
In base 9, what is -5642 + 47742?
42100
In base 2, what is -1000 + 1110000000110000111110101?
1110000000110000111101101
In base 12, what is -1102 - -105267?
104165
In base 2, what is 1011001100100 - -1100011101?
1100110000001
In base 5, what is 33 - -13331300?
13331333
In base 11, what is 104 + a55a3?
a56a7
In base 14, what is -2 + -8292b?
-8292d
In base 11, what is -4 - -26596105?
26596101
In base 12, what is 0 - 152532a?
-152532a
In base 4, what is 3301013322 - -12311?
3301032233
In base 11, what is 18947599 - 7?
18947592
In base 14, what is 2 + 313a3a62?
313a3a64
In base 16, what is 16167 - -58c?
166f3
In base 9, what is -1443751717 + 2?
-1443751715
In base 8, what is -1746541 + -1025?
-1747566
In base 14, what is -45877d0 - 19?
-4587809
In base 16, what is -a8 - 2408b?
-24133
In base 4, what is -20132 - -12301110?
12220312
In base 10, what is 72 - -19214?
19286
In base 4, what is 11001 + 1100131112?
1100202113
In base 7, what is -610364 - -11135?
-566226
In base 14, what is dd976 - -1?
dd977
In base 5, what is -2413413241 + -403?
-2413414144
In base 12, what is 198294 + 5?
198299
In base 15, what is 328aacd - 4?
328aac9
In base 7, what is 135205 + 11?
135216
In base 11, what is -3 - -131583a?
1315837
In base 15, what is 1ab617 - e?
1ab608
In base 11, what is -15 - -242a777?
242a762
In base 6, what is 1233554425 + 5?
1233554434
In base 7, what is 3 + -550230614?
-550230611
In base 15, what is -3c9 - 33eb6?
-34390
In base 13, what is -6 - 19833?
-19839
In base 15, what is -1bd0e + -202e?
-1dd3d
In base 15, what is -1bb53698 + 5?
-1bb53693
In base 16, what is 4 - -7291c4?
7291c8
In base 11, what is -1294806 - -50?
-1294766
In base 3, what is -10012101100211210 + 1?
-10012101100211202
In base 6, what is -33125 + 1153305?
1120140
In base 8, what is -52450 + 1157?
-51271
In base 13, what is -25b + 146c8?
1446a
In base 10, what is 4 - -9398726?
9398730
In base 15, what is -45cc996 + -2?
-45cc998
In base 5, what is 430222 - -43434?
1024211
In base 4, what is 11121 - -10022302?
10100023
In base 13, what is -c908 - b2?
-c9ba
In base 3, what is 12101200120111 + -2?
12101200120102
In base 11, what is -207a87 - 14?
-207aa0
In base 5, what is 20 + 21131422?
21131442
In base 14, what is 7b - -652b8a?
652c27
In base 13, what is 6201a7 - -7a?
620254
In base 9, what is 4834662 - -5?
4834667
In base 5, what is 1 + -3330410213?
-3330410212
In base 13, what is 139 - -185a2?
1870b
In base 14, what is -57a5c28 - -5?
-57a5c23
In base 10, what is -9 - 158907?
-158916
In base 12, what is -124694 + -1231?
-125905
In base 5, what is -1443440 - 4412?
-2003402
In base 8, what is 3213501604 - -5?
3213501611
In base 12, what is -9b - 76834?
-76913
In base 5, what is -214 - 30010434?
-30011203
In base 11, what is 5 + -42952821?
-42952817
In base 7, what is 130011 + -2320?
124361
In base 9, what is 17755886 + -2?
17755884
In base 10, what is 251 - -507289?
507540
In base 3, what is -1101022220112120 + 2111?
-1101022220110002
In base 4, what is -201203012033 - 10?
-201203012103
In base 2, what is -10010010111011110110111 - 0?
-10010010111011110110111
In base 15, what is 9d12 + -203?
9b0e
In base 13, what is -8 - -244b7b5?
244b7aa
In base 10, what is 25 + 3156751?
3156776
In base 8, what is -23 - 20065122?
-20065145
In base 15, what is cc7a1 + -8a?
cc716
In base 16, what is -59 + -23129?
-23182
In base 10, what is -307 - -273145?
272838
In base 8, what is 3 - -44771056?
44771061
In base 13, what is 7077 - -83c6?
12470
In base 3, what is -1112221202 + -1100221?
-1121022200
In base 10, what is 115 - -664816?
664931
In base 12, what is 2143a + -245?
211b5
In base 4, what is 103332 - -310101?
1020033
In base 7, what is -14065630 - 16?
-14065646
In base 9, what is 3737618 - -2?
3737621
In base 12, what is 1975 - 5b1?
1384
In base 8, what is 22 + 2300475?
2300517
In base 10, what is -35 + 3832065?
3832030
In base 6, what is 1211545334 + -3?
1211545331
In base 13, what is -52 - -1b2c0b?
1b2b89
In base 9, what is 53031343 + 7?
53031351
In base 8, what is -2 + -33440707?
-33440711
In base 7, what is 22000 + -2600?
16100
In base 13, what is 152ba8 + -b?
152b9a
In base 5, what is -100 - 10144233422?
-10144234022
In base 8, what is 45005 - -2404?
47411
In base 12, what is -3072 + -6162?
-9214
In base 3, what is -1221 + -20101121211?
-20101200202
In base 12, what is -64294 + -6?
-6429a
In base 11, what is 55 - 24234a?
-2422a5
In base 8, what is -135 - -2060602?
2060445
In base 2, what is -1110010011011000100 - -10010?
-1110010011010110010
In base 6, what is -103 + 12533513?
12533410
In base 4, what is -11332313000 + 3200?
-11332303200
In base 6, what is -23 - -1113511442?
1113511415
In base 11, what is 3 - -6279a763?
6279a766
In base 4, what is 22 + -201200101?
-201200013
In base 7, what is -551433 + 34?
-551366
In base 12, what is a4711 + -1049?
a3684
In base 6, what is -1202542413 + 25?
-1202542344
In base 6, what is 1022020 - 4322?
1013254
In base 6, what is -140120312 + -5?
-140120321
In base 13, what is -2c3282c9 - 3?
-2c3282cc
In base 14, what is -114579c83 + -1?
-114579c84
In base 10, what is 130204 - -42?
130246
In base 16, what is -2 - -8a350f?
8a350d
In base 8, what is -21532 + -72?
-21624
In base 11, what is 81708 - 112?
815a6
In base 7, what is -25103520 - 4?
-25103524
In base 5, what is 101 + -30232311?
-30232210
In base 9, what is -46331118 + 4?
-46331114
In base 12, what is -1 + -1698904?
-1698905
In base 3, what is 1001210211001011201 - -1?
1001210211001011202
In base 3, what is 112221012122212022 + 0?
112221012122212022
In base 12, what is -262 + b7227?
b6b85
In base 7, what is 6531 - 24200?
-14336
In base 10, what is -780314 - 21?
-780335
In base 7, what is -13 - -465110?
465064
In base 13, what is 32421 + 213?
32634
In base 12, what is 1b1 - -228b1?
22aa2
In base 4, what is 1320000 - -1023?
1321023
In base 12, what is 7023 + 1270?
8293
In base 3, what is -2 - 2021012221221120?
-2021012221221122
In base 6, what is -3303314320 + 1?
-3303314315
In base 3, what is -10 - 2102021220112120?
-2102021220112200
In base 2, what is 100001 + -1001101100110101000000?
-1001101100110100011111
In base 12, what is -319436 + -b48?
-31a382
In base 7, what is 3143 + 3006?
6152
In base 7, what is -50 - 112555253?
-112555333
In base 6, what is -32300 - -133432?
101132
In base 3, what is 1100110112101202 - 0?
1100110112101202
In base 9, what is 60 - -541200?
541260
In base 14, what is -a1a4573 - 3?
-a1a4576
In base 10, what is 5521 - 49327?
-43806
In base 9, what is -281775 + -62?
-281847
In base 14, what is -1605c + -8?
-16066
In base 4, what is -2131123023 - -113?
-2131122310
In base 11, what is 4 + 11169a2a?
11169a33
In base 7, what is -1526025 + 363?
-1525332
In base 9, what is 5 + 408747664?
408747670
In base 11, what is -2 - 290077a?
-2900781
In base 6, what is 341105550 - 31?
341105515
In base 5, what is 23242 + -44042?
-20300
In base 8, what is 56171425 - -70?
56171515
In base 6, what is 30 + -2343450?
-2343420
In base 11, what is -3 - 310647?
-31064a
In base 16, what is -b61ffbc - 0?
-b61ffbc
In base 11, what is -5 - 1870163?
-1870168
In base 15, what is 16ae113 - -3a?
16ae14d
In base 10, what is -83907 + 848?
-83059
In base 15, what is -5dce + -85?
-5e64
In base 16, what is -94072e7 - 0?
-94072e7
In base 4, what is 13301 - -10333321?
11013222
In base 5, what is -130330131 + -11?
-130330142
In base 7, what is -3 - -51606044?
51606041
In base 11, what is 6879a33 - -6?
6879a39
In base 16, what is dda3469 - 0?
dda3469
In base 12, what is -b5 + -3ba2b?
-3bb24
In base 2, what is -100 - -111110111110101100?
111110111110101000
In base 7, what is 1130 - -5050?
6210
In base 8, what is -11074706 + 7?
-11074677
In base 6, what is 43223 + 3022?
50245
In base 16, what is 1 + 6137556?
6137557
In base 7, what is 5310660 + -234?
5310423
In base 15, what is -4 + 75c3a?
75c36
In base 5, what is 1103012431012 - -1?
1103012431013
In base 6, what is -4154353 + -42?
-4154435
In base 14, what is 4 - -88221c1?
88221c5
In base 3, what is -1111 + 1101220121121?
1101220120010
In base 7, what is 214454512 - 11?
214454501
In base 5, what is 3432110300 - 10?
3432110240
In base 7, what is 60165